hat is the value of -3 + -7 + 1 + 5?
-4
Evaluate -6 + 0 + (29 - 19).
4
Evaluate -3 - (1 - -1 - 4).
-1
Evaluate -18 + 23 + 2 + 1 + -7.
1
Calculate 6 + 1 - (5 + 6).
-4
0 + (7 - (8 - 5)) + -14
-10
Evaluate (-18 - -10) + 5 + 2.
-1
What is (1 - (13 - 8)) + -5?
-9
What is -6 + (10 + 0 - 8)?
-4
What is the value of -7 + 1 + (6 - 3) + 4?
1
What is 1 + (-3 - 1) + 1?
-2
10 + 0 + -4 + -2
4
What is (1 + -2 - 1) + 5?
3
What is -2 + -1 + 15 + -8?
4
What is the value of 2 - (5 + -4 + 4 - -1)?
-4
Calculate -6 - (-11 + -5 + 9).
1
Evaluate ((-11 - -6) + 0 - 0) + -2.
-7
What is the value of 1 + 0 + (-3 - -5) - -2?
5
What is 7 + 4 + -7 + 0 + 0?
4
What is -7 - -2 - (-2 + -9)?
6
Calculate (-3 - (6 + -7)) + (0 - -1).
-1
What is 4 + -1 - (1 + 7 + -3)?
-2
What is 1 + (-4 - -3) + 5 + -1?
4
What is the value of -5 + 9 - -6 - (-1 - -6)?
5
What is 6 + -9 + (4 - 1)?
0
Calculate -5 - ((3 - 6) + -11 + 11).
-2
What is 1 - (-4 + 3 + -4 - -2)?
4
Calculate 8 - 5 - -2 - 10.
-5
What is -6 - -1 - (-2 - 1)?
-2
What is -5 + (1 - -3) + -4?
-5
What is the value of -7 + 0 + (-1 - -1)?
-7
Calculate 0 + -9 + (20 - 4).
7
What is (4 - (4 + -10)) + -15?
-5
Evaluate -2 + (-6 - (-5 - -2)).
-5
-1 - (2 + -7 + 3)
1
Calculate 3 + (-5 - -4) + -4.
-2
What is the value of -2 + 3 + 1 + -2?
0
Calculate -7 - 2 - (64 + -73).
0
What is the value of 0 - 2 - -2 - (20 + -17)?
-3
Calculate -1 + -1 + (-7 - -16).
7
Calculate -7 + 2 + (14 - 2 - 7).
0
(24 - 22) + 1 + 0
3
Evaluate (11 - 13) + (0 - (-3 + 0)).
1
What is (-9 + 19 - 6) + -10?
-6
Calculate 2 - (8 - (-5 - -9)).
-2
Calculate (-3 - (-5 - -1)) + -2 + 4.
3
What is -4 - -1 - (-18 - -18)?
-3
What is 0 + -5 + 4 + -3?
-4
What is -2 + 11 + -1 - (-6 - -9)?
5
Evaluate 1 - -2 - ((5 - 5) + -2).
5
Calculate -5 + ((4 - 7) + 4 - 2).
-6
Evaluate (0 - 11) + 3 + 5 + -3.
-6
What is the value of 2 - (-2 - ((-5 - -3) + -1))?
1
Evaluate -1 - (-4 - -5 - 1).
-1
Evaluate (-1 - 6) + 33 + -27.
-1
What is -8 + -2 - (-2 + -4)?
-4
3 + -11 + (3 - -1)
-4
Calculate (6 + -7 - 3) + 2 + 6.
4
What is the value of (9 - (2 + (0 - -2))) + 6?
11
What is -19 - -23 - ((0 - 3) + 13)?
-6
Calculate (-1 - -4) + -8 + 0.
-5
Calculate 7 + -3 - (9 + -3).
-2
-9 + 6 + 0 + 0
-3
Calculate -2 + 1 + 3 + -3 + -4.
-5
-6 + -4 + 8 - 0
-2
What is (-2 - (-1 + 5)) + 6 - -5?
5
Evaluate (0 - (-3 + -1 - 3)) + -4.
3
Evaluate -3 + -1 - (-5 - (-12 + 10)).
-1
What is the value of 0 - 0 - (3 + -1 - 1)?
-1
4 + -2 - -1 - (5 - 2)
0
What is the value of (-32 - -36) + 1 + -2 + -1?
2
Calculate -2 + (-2 - -6) + -10 + 8.
0
What is 0 - (32 - 36 - (-1 - 1))?
2
Evaluate -2 - (-5 - 1) - (-5 - -5).
4
Evaluate -6 - (-7 + 7 + -6 - 11).
11
Evaluate 8 + -2 - (26 - 15).
-5
5 - (31 - 11) - -8
-7
What is the value of 12 - (7 + 6 - 9)?
8
Calculate 4 - (6 + 3 + 2).
-7
-1 + (6 - (6 - -1))
-2
0 + 10 + (-4 - 0) + 0
6
Evaluate -3 - ((7 - 7) + 3).
-6
Evaluate -1 + -16 - (-155 - -149).
-11
What is (3 - -1) + (-14 - -11)?
1
-15 + 11 + 10 + -2 + -6
-2
2 + -3 - (-4 - (-3 - 5))
-5
Calculate -8 + 1 - -4 - (-6 - -6).
-3
What is (5 - (5 - 3 - -4)) + -2?
-3
(3 - -2) + -17 + (4 - -4)
-4
What is (-11 - -12) + (-1 + 2 - -2)?
4
What is the value of 2 - (4 + 2) - (58 + -58)?
-4
11 + (-3 - (3 - 1))
6
Calculate -13 + -2 + -2 + 11.
-6
What is 10 + -6 + (-2 - (-3 + 1))?
4
What is the value of 3 - (-2 + (-5 - -10))?
0
What is 1 + (0 - 1) - (-10 + 9)?
1
Calculate -2 + (6 - (-1 + 0)).
5
Evaluate (11 - 2) + -5 + -1 + 1.
4
What is 4 + (-28 - (-14 - -1))?
-11
Evaluate (8 - 20) + 8 + 1.
-3
What is -6 - (-10 + 4) - 2?
-2
Calculate 0 + 1 + 0 + 1 + -1.
1
Evaluate 3 + -8 + (8 - 0).
3
Evaluate (9 - (3 + 3)) + -8.
-5
Calculate 18 + -19 + -1 + 4.
2
Calculate -19 + -11 + 1 + 18.
-11
2 - (-14 + 8 + -1 + 4)
5
Calculate 4 - 1 - (-9 - -12 - 0).
0
What is the value of -9 + -1 - (0 + 0 + -3)?
-7
Calculate 2 + (11 - (13 + 7)).
-7
Evaluate -7 - (-6 - (5 - 12)).
-8
What is -5 + (-4 - 4 - (-7 - -1))?
-7
(-1 - -2 - -4) + -45 + 44
4
Calculate (1 - 3) + 8 - (6 - -7).
-7
-4 - ((2 - -1) + -3)
-4
What is 2 - (10 + -4 + 1)?
-5
What is the value of 29 - 29 - ((0 - 1) + 2)?
-1
What is the value of -5 + -5 + 1 + 4?
-5
-1 + -9 + 6 - (-2 + -6)
4
What is the value of (6 - 0) + 2 + -2?
6
Evaluate 0 + (-1 - -3 - 2) - -3.
3
(-7 - (-2 + -2)) + 4 + 4
5
Evaluate (-1 + 8 - 0) + 12 + -15.
4
-2 + (5 - 5) - 1
-3
6 + (4 + -13 - -4)
1
What is -3 - (5 - 14) - (1 + 0)?
5
6 + (4 - 17) + 1 - -4
-2
Calculate (6 - 1) + -7 - -6.
4
What is 0 - -4 - (8 - 6 - -7)?
-5
What is the value of 7 - (7 + -6) - 11?
-5
What is -1 - -8 - -2 - (-68 - -71)?
6
What is (4 + -4 + 0 - -7) + -2?
5
What is the value of 3 - (-5 + (-2 - -6))?
4
(12 - 6 - 6) + (4 - 1)
3
Calculate 46 + -40 - (1 - -5).
0
Evaluate -1 + 1 - ((0 - -2) + -5).
3
Calculate 4 + 5 + (-7 - -3).
5
Calculate (-6 - -18) + (-26 - -11).
-3
What is the value of 2 - (-3 - (1 + -2))?
4
Calculate 7 + 10 + -6 + -6.
5
What is (8 - -4) + -5 - 3?
4
What is -4 - (-7 + 3 + 5)?
-5
Evaluate -2 + 6 + (-10 + -5 - -5).
-6
Calculate 0 - (-4 - 0 - -5).
-1
What is -11 - (7 - 10 - (3 + -1))?
-6
Evaluate -17 - (-10 - 2) - 3.
-8
What is -4 - (2 + 3 - 6 - 3)?
0
Calculate (4 - 0 - -3) + (16 - 29).
-6
Calculate 3 + (3 - 10) + 4 + -3.
-3
Calculate 18 - ((-7 - -20) + -2).
7
What is 0 + (-2 - -1) - (35 - 41)?
5
-1 - 8 - (-13 - -2 - -8)
-6
What is 6 + 3 + -7 - (1 - -2)?
-1
Calculate -14 - -22 - (-4 + 13 + -2).
1
Evaluate 3 + 0 - (16 - 11).
-2
Evaluate (-10 - -3) + -3 + 5 - -1.
-4
What is -3 + (9 - -1) + -1?
6
What is the value of (0 - 4) + 17 + -19?
-6
Evaluate 5 + 2 + (-166 - -156).
-3
-3 - (-2 - 1) - (4 + -1)
-3
What is 4 + 3 + 1 - 10?
-2
What is the value of (0 - -2 - -2) + -3 - 2?
-1
Evaluate 3 + -11 + 1 + 4.
-3
What is the value of 0 + -3 + (15 - 13) - -4?
3
What is (-13 - -2) + (-16 - (-18 + -2))?
-7
0 + -4 + 1 + 1
-2
1 + 2 + -25 + 26
4
What is the value of 4 - ((0 - 0) + (22 - 22))?
4
What is the value of -1 + 0 - (-11 - -5)?
5
1 + (-4 - 2 - -3) + 2
0
Calculate (5 - (-12 + 11)) + 1.
7
Evaluate -7 + (12 - 5) + 0 + -2.
-2
Evaluate 1 - (0 + 2) - (5 + -5).
-1
What is 6 + 0 - 1 - 2 - -1?
4
10 - 5 - 3 - 0
2
What is the value of -2 - (-1 + -1) - (9 + -10)?
1
What is the value of -2 + -2 + 7 - 8?
-5
What is (0 - 0) + 3 - 1?
2
What is the value of 3 + 2 + -6 + -1?
-2
What is the value of -5 + -1 + 9 + -9 + -2?
-8
0 + 6 + -5 - 6
-5
Evaluate -2 - 0 - (9 + -11 + -1).
1
Evaluate 1 + -2 - -1 - (156 - 150).
-6
Calculate 0 + (-3 - 3) + 6.
0
What is the value of -1 + 11 + (3 - 7)?
6
Calculate -4 - (-4 + 4) - (0 + -4).
0
15 + -9 - (2 - 1)
5
Calculate -19 + (-13 - -21) + 16.
5
What is -4 + (-2 - 3) - -5?
-4
What is 4 + 3 + -5 - (-3 - 0)?
5
6 + (-3 - -4) + (5 - 3)
9
What is the value of (-1 - -4) + -11 + 0?
-8
Calculate -7 + (1 - 3 - (-14 + 10)).
-5
What is the value of -23 - -17 - (-6 - (-1 - 0))?
-1
Calculate (6 + -8 - 2) + 0.
-4
What is the value of -113 + 111 + 0 + 4 + -2?
0
What is the value of (-4 - -1 - 1) + 11 + -2?
5
Calculate -9 + 0 - (-3 - 7 - -7).
-6
Evaluate 0 + 0 + (1 + -1 - 0).
0
3 - (20 - (-10 + 20))
-7
What is the value of 5 + 2 - (8 - 1)?
0
Evaluate -9 + 10 + (-2 - -6 - 1).
4
-4 + -2 + 5 + 0 - -2
1
What is -4 + 10 + -2 - 2 - -3?
5
What is 4 + (-1 - 4) - (0 + -2)?
1
What is the value of (-2 - -3 - 1) + -4 + -1?
-5
3 + -2 - (-12 - -14)
-1
What is the value of -1 + -5 - (-5 + 0 + 1)?
-2
What is 5 + -7 + (-2 - (-7 - -2))?
1
-5 + -9 - (0 + -13)
-1
What is the value of -17 + 1 - (-99 + 89)?
-6
Calculate -1 - (5 - (7 + 2)).
3
What is -14 + -1 + 2 + 6?
-7
(23 - 9) + -3 + -5
6
Calculate 0 - -5 - (7 - (-2 - -4)).
0
What is 2 + 11 + -6 + -2?
5
What is the value of -1 + -2 + -13 + (10 - 0)?
-6
Calculate 4 - (-7 + (2 - (-6 + 0))).
3
Calculate 6 + -3 + -3 - 2 - 2.
-4
(0 - 0) + (1 - 2) - -3
2
-6 + (4 - (-2 - 7)) + 0
7
Evaluate (9 - (0 - 2)) + (-6 - -1).
6
What is -10 - (-24 - (-10 - 1))?
3
Calculate (-48 - -52) + (-1 - 0).
3
(-2 - -3) + 2 + -4 + 7
6
What is the value of -7 + (6 - 6 - -2 - 0)?
-5
What is the value of 6 - (0 + -3 - -7)?
2
(-8 - (-5 + 1)) + -1 + 0
-5
What is 2 - 7 - (-1 + -2)?
-2
Evaluate (4 - (3 - -1)) + 0.
0
What is -1 + 0 + 6 + -6?
-1
Calculate 0 + 1 - (4 + 0).
-3
Calculate -4 + -13 + 6 + 7.
-4
What is the value of -1 + 1 - (11 - (-11 - -23))?
1
What is 6 + (-4 - -6 - 4)?
4
Calculate (2 - 7) + (-2 - (2 - 15)).
6
-20 + 14 - (2 - 2 - 2)
-4
What is (13 - 19) + (1 - (-1 - -1))?
-5
What is the value of